9 + 35 + -36 + 35 - -18?
3
What is the value of -27 + 4 - (-63 + 44 + 8)?
-12
Evaluate (101 + -6 - 125) + -5 + 19.
-16
136 - (96 - (66 - 53))
53
-43 + 96 + -33 - 11
9
Calculate -14 + -12 + 30 + -20 + -1 + -16.
-33
What is 15 - (7 + 7 + (-16 - (-24 - -19))) - 164?
-152
Calculate 92 - 232 - -38 - -80.
-22
What is the value of -8 - (-5 + -39) - (-6 - -6)?
36
What is -25 + 19 + (10 - 15) + 30?
19
What is 279 - 254 - (6 + -12 - -1)?
30
Evaluate -32 - (-71 - (31 + -53)).
17
What is 89 + (-46 + 71 - 7 - -8)?
115
Evaluate 199 - 134 - (88 + -85).
62
What is the value of 41 - (-21 - (6 + -11) - -31)?
26
Evaluate -1 + (41 + -23 - 1) + -65.
-49
23 + (-12 + 2 - (157 - 137))
-7
Evaluate -219 + 144 - (-1 - 3 - -3) - 7 - -13.
-68
What is the value of -1 + -28 + 27 + 1 + (1 - -5)?
5
6 - 7 - (-15 - (69 + -14 - 17))
52
(457 - 437) + 1 + 42 - 21
42
What is -168 + 187 + -29 + (0 - 42)?
-52
What is the value of 13 + -16 + (16 - 3) - (26 + -7 + 4)?
-13
What is -188 + -82 + 140 - (-44 + 1)?
-87
What is the value of -34 - 7 - -1 - (133 + -138)?
-35
What is (12 - (58 + (-8 - 5))) + (-14 - -6)?
-41
What is 462 + -487 + (22 - 1)?
-4
(12 - 3) + -8 - (20 - 4)
-15
Calculate (-8 - (4 + -3)) + (41 - (14 + 3)).
15
-6 - 31 - -53 - -32
48
What is the value of -2 + 50 + (-22 + 16 - -6) + -2 + -9?
37
What is the value of -54 + 0 + 0 + 100 + -122 + 4?
-72
What is (-5 + -2 - (-1 + 31 + -14 + -7)) + 5?
-11
What is the value of -30 - (-28 - (54 - 19 - -24))?
57
Evaluate 24 - (16 + (-6 - 35) + 2).
47
Calculate (-1 - (2 + -39)) + (2182 - 2242).
-24
What is -8 - (-3 + 8 + -2) - (140 - 111)?
-40
What is the value of -49 + 0 - (5 + -6) - (-119 + 15 + 94)?
-38
Evaluate -4 - (19 + -63 + (1 - -12) + 15).
12
What is -108 + (-7 + 1 - (14 - 5) - -11) + -4?
-116
(-16 - (2 - 18)) + -17 + 4 + -2
-15
What is 2 + (-50 - 27) + -14?
-89
What is the value of -4 - (-2 + 8 - -31) - (-11 - -1)?
-31
What is the value of (21 - (10 + -7)) + -24 + (4 - 9 - 2)?
-13
What is 3 - ((-6 - (14 - 55)) + -6)?
-26
What is 73 + -8 + (3 - -32) + -37?
63
What is the value of (11 + 35 - 23) + -6 + -57 + 2?
-38
What is -35 - -4 - (-18 - (26 - 58) - (0 - -16))?
-29
Evaluate 7 - (2 - (-65 - (10 - 17))) - -3.
-50
What is the value of -28 - (-68 + 30) - 8 - (-39 + -3)?
44
Evaluate (265 - 253) + 7 + 67.
86
What is the value of 17 - 31 - (-509 - -378 - (-5 + 1 + -1))?
112
What is the value of 6 - (-2 - 77 - -19) - (3 - (19 + -2))?
80
Evaluate 2 + -1 + 23 + 72 + (-118 - -48).
26
3 + -31 + 83 + (-11 - 28)
16
33 + -77 + -36 - (-3 - (-4 - 5))
-86
Evaluate 25 - (76 - (48 + -22)).
-25
What is the value of (-2 - -1) + 19 + (-21 + -17 - (3 + 12))?
-35
What is the value of ((0 - -1) + -10 + -7 + 15 - -3) + -49?
-47
(-8 - 0) + (-62 - (-32 - (39 - 70)))
-69
Calculate ((-3 + -7 - -11) + -5 - (14 + -16)) + 96.
94
-10448 - -10446 - (15 + 1)
-18
Evaluate 1 + (142 - 67) + -20.
56
What is (49 - ((-33 - -31) + 32)) + -56?
-37
What is -1 - 85 - (-4794 - -4654)?
54
What is the value of -8 - (-14 + -5) - 10?
1
What is the value of (6 - ((23 - 29) + (-1 - -25))) + 92 + -12?
68
Calculate -12 - (531 + -462 + (-21 - -2 - -3)).
-65
What is the value of 2 + 24 - (10 + -2 + 9)?
9
Calculate 41 + (0 - (-3 - -11)) + (12 - 1).
44
What is the value of -1 - -4 - (-4 + 0 - (-249 - -287))?
45
What is -62 - ((2 - 3) + 14 + 6 + (-21 - 0))?
-60
Calculate -110 - (-42 + 69) - -264.
127
Evaluate 3 - -21 - (37 + 22 + -60).
25
(-11 + 25 - (4 + -11)) + (2 - -3)
26
Evaluate (80 - -1) + (20 - 39 - (1 + -3)).
64
What is the value of -29 + (4 - (9 - 12) - (1 + (4 - -3)))?
-30
Evaluate -1769 + 1839 + (-48 - 0).
22
What is -2305 - -2275 - (-97 + 1)?
66
Evaluate 1 + -70 - (57 + -3 + -69 + 27).
-81
What is 1 + -7 - (0 + 30 + (-47 - -31))?
-20
Calculate (0 - -1) + (-260 - -270) + (-15 - 0).
-4
Evaluate 4 - -30 - 61 - 58 - -9.
-76
What is -4 - -5 - (4 + -14) - 8 - -33?
36
Calculate 8 + -4 + (-37 + 27 - (-19 + 0)).
13
Calculate 107 + -97 - -8 - -8.
26
What is -2 + -77 + 649 + -610 - -23?
-17
What is 17 + -27 + (11 - (8 + -4))?
-3
Evaluate (0 - 153) + (3424 - 3325).
-54
Evaluate (-2 - 5) + -1357 + 1333.
-31
(-2 - -11) + -17 + -7 + 0 + (301 - 165)
121
Evaluate -9 - ((3 + -10 - -5) + -22).
15
What is (-3 - -29) + (15 - 59 - -9)?
-9
What is -4 + 86 - (-25 - (3 + 3 + -8))?
105
(-21 - -3 - 6) + -21 + 7
-38
Calculate 34 + 111 + -23 + -72.
50
What is the value of (-36 - (1 - 0)) + 318 + -325 + 3 + -4?
-45
Evaluate 1 + 6 + -13 - (-8 + -13).
15
13 - ((11 - 0) + (81 - 44)) - -13
-22
Calculate (31 - 10 - 3) + (-6 - -72) + (-1 - -11).
94
What is the value of (1 - 20) + 487 + -478 + -75 + 27?
-58
What is (-24 - -107) + -61 + -31 + -2?
-11
Evaluate (33 + -66 - 7) + 49.
9
What is the value of -4 + (4 - 0) + 0 + 2 + -4?
-2
Calculate (19 - 93) + 45 - 11.
-40
Calculate -67 + 83 + -42 + 87.
61
What is the value of (4 - -68) + (39 - (-121 + 178))?
54
Evaluate -16 - (-24 + -37 + 15) - 13.
17
What is the value of 7 + (-4 - (5 - 14)) + -4 - -44?
52
What is -15 - (0 - (-27 - -29) - (1 - 2))?
-14
What is the value of -1 - -32 - (57 + -90 - -173)?
-109
Calculate (-12 - -1) + 19 + (-56 + -3 - (-10 + 5)).
-46
What is 7 + (-27 - -15) - (1 - 4 - -15)?
-17
Calculate (8 - (-1 + -9)) + (-34 - (-20 + -18)).
22
Calculate 10 + (8 - 7) + 1 + -6 + -36.
-30
What is -75 - (68 + -47 + -35)?
-61
109 - ((-20 - (-23 + (-28 - -32))) + (1 - 13))
122
Evaluate (-4 + -17 - (90 + -99)) + 22.
10
Evaluate -29 + (16 - -2) - (0 + 25) - -5.
-31
Calculate (-54 - (49 - 115)) + (3 - 64).
-49
What is the value of -65 - (20 - -29 - 26) - -15?
-73
Evaluate (-49 - -41) + -20 - (-2 - (8 - -1)).
-17
Calculate (19 - 3) + -2 - ((41 - (88 + -40)) + -30).
51
Evaluate -13 - (-90 - (-1 + -12 + (36 - (-27 + 58)))).
69
What is the value of -7 - (36 + -5 - (8 + -22 + 7)) - -10?
-35
What is (-10 - 12) + 25 + 26 + -101?
-72
(5 - 9) + -7 + -42
-53
Calculate (-3 - -42) + 462 + -513.
-12
Calculate 1 + 5 + (-5 - -31) + -29.
3
Calculate -20895 + 20917 + (0 - -2) + (-17 - -1) + 92.
100
What is the value of -11 + (-13 + 4 + -11 - -10)?
-21
What is the value of 53 + (1 - 57) - (0 + 82)?
-85
-46 + 52 - (2 + 4)
0
What is the value of 13 - ((-19 + 8 - -22) + (-6 - -3))?
5
What is the value of -1 - -14 - (23 - (-112 - (-34 - 11)))?
-77
(-27 + 95 - 183) + 73
-42
Calculate 36 + (3 - 2) + 38 + -54 + 8.
29
Evaluate 1 + (4 + -17 - -14) - -42.
44
Calculate 69 + -96 + 40 - 75.
-62
What is 5 - (-17 + 12 - 0) - (2 - -1) - 47?
-40
(68 - 70) + 2 + -14 - (8 + -1)
-21
What is the value of -22 + -4 + -10 + 5 + 30 - (-70 + 0)?
69
Calculate 70 + 6 + -80 - (-6 - 1).
3
Calculate 4 + (5 - 9) + 13 + -2 + (-15 - 8).
-12
Evaluate 29 - (2 - -2) - (-614 + 631).
8
What is 24 + 8 + 3 + 20 + 19?
74
What is (9 - 1) + (21 - (163 + -52))?
-82
Calculate -114 + -51 + 48 + 73.
-44
What is -25 - (1 - 2) - (-8 + 33 + -20 - 2)?
-27
What is 19 - (-7 + -50) - 35?
41
40 - (-13 - ((-26 - -11) + 22 - 16))
44
What is the value of -64 + -1 + -78 + 127?
-16
Calculate -7 - -1 - (11 + (8 - 22)).
-3
What is 10 - (-38 + 13 + -36 + 35)?
36
What is 4 + 57 + (1769 - 1774)?
56
Calculate -5 + -12 - (-10 - 7) - 35.
-35
Evaluate 10 + (-13 - -2 - 2) + (2 - (25 + 4)).
-30
-31 - ((-3 - -51) + -12 - 49)
-18
Evaluate 8 + -49 - 15 - -81.
25
What is -14 - -18 - 49 - (32 - 30)?
-47
1337 + -1201 + -129 + 9
16
What is (9 + 7 + -20 - -4) + -39?
-39
30 + -39 + 62 - 64
-11
-16 + -13 + 27 + -7 - 7
-16
-8 - ((14 + -8 + -3 - -9) + 10)
-30
7 + (13 - (-5 + 7)) + -13 - 13
-8
What is the value of -78 + (38 - (8 - 24))?
-24
What is (16 - -7) + -10 - (6 - 0) - (-10 - 22)?
39
Evaluate -7 + -46 + (5 - 7 - 3) + (-38 - -40).
-56
What is -1 - ((-5 - 10) + (7 - 2) + -2 + -31)?
42
4 - -6 - 6 - (99 + -79)
-16
What is the value of (-12 - (0 - (3 - 21))) + 14?
-16
Evaluate -3 + (3 - (23 - (8 - (16 - 3 - 1)))).
-27
Evaluate -41 + (33 - 80) + 63.
-25
What is the value of 251 - 305 - (-13 - 1)?
-40
What is (72 + -13 - 39) + -42?
-22
Calculate 9 + -30 + (-1 - -30) + 37.
45
253 + (148 - 420) - ((-145 - -2) + -3)
127
What is -22 - (24 - 38 - (0 - 14) - (8 + 6))?
-8
Calculate 441 + -462 - (4 - 41).
16
11 - (-10 - -1 - -21) - 18 - (-1 - -7)
-25
(-32 + -31 - -36) + -18
-45
(82 - (36 + 5) - 18) + -112
-89
What is the value of 74 + 48 + -61 - 54?
7
Calculate -21 - 0 - (136 + -74 - 38).
-45
Calculate 13 + (-10 - (16 + -6 - -3)).
-10
Evaluate -74 + 9 + 37 + -8.
-36